ulate k(-2).
2
Let p(v) = v**2 - 6*v - 21. Suppose -8*x = -12*x + 36. Calculate p(x).
6
Let i(z) = 2*z + z**2 + 18 + 5 + 9*z. Let o be i(-7). Let b(x) = -4*x - x - 4 - 6*x**2 + x**3 - 2*x**3. Give b(o).
-4
Let v(n) be the third derivative of -n**5/60 + n**4/24 + 133*n**2. Give v(3).
-6
Suppose 2*t + 10 = 2, -8 = 2*q + 3*t. Let d(m) = -6*m**q + 2*m**2 - 5*m**3 + 3*m**2. What is d(1)?
-6
Suppose 5*o - 45 = -7*n, o + 12 = -5*n + 21. Let h(j) = j**2 - 7*j - 8. What is h(o)?
10
Let p(b) = 4*b**2 - 2. Let c be 6*((-84)/8 - -4). Let j = 37 + c. Determine p(j).
14
Let b(t) = t**3 + t**2 + t - 20. Let v(z) = 7*z + 23 + 34 + 6. Let j be v(-9). What is b(j)?
-20
Let o(s) = s. Let w(b) = 11*b - 1. Let r(q) = -3*o(q) + w(q). Suppose h = -0*h + 1. Give r(h).
7
Let m be ((-2)/(-5) - 1/15)*-12. Let i(g) = -g**3 - 3*g**2 + 4*g + 7. Calculate i(m).
7
Let r(z) = -2 + 1 + z**2 - 1. Let l(b) = -b - 3. Suppose s - 1 = 2*k, -4*k + 3*k = s + 5. Let w be l(s). Give r(w).
-2
Let d(m) = -m**3 + 3*m**2 + 5*m + 5. Let h be d(-3). Let g(u) = -h*u - 1 + u**2 + 2 - 3 + 40*u. Give g(4).
-2
Let x(a) = -a + 12. Let m(r) = 4*r + 16. Let u be m(-2). Give x(u).
4
Suppose 3*i = 4 + 2. Suppose 0 = 5*w - 3*q + 2, i*w + q = 7*w - 6. Let g(r) = 0*r + w*r - 11 + 5 - r. What is g(4)?
-2
Let p(a) = -a**3 - 12*a**2 - 8*a + 35. Let h be p(-11). Let s(i) be the first derivative of 3 - 1/2*i**h + 2*i. Give s(5).
-3
Let l(g) = -2*g**2 + 2*g - g**2 + 1 + g**2. Let a(t) = -2*t**2 + 2*t + 1. Let z(s) = 3*a(s) - 4*l(s). Determine z(2).
3
Suppose -g + 8 = -4*l, -4*l - l + 32 = 4*g. Let d = -3 - -5. Suppose d = -3*b + g. Let r(t) = -2*t + 2. What is r(b)?
-2
Let m(t) be the third derivative of -t**6/360 - t**5/40 - t**4/8 + 3*t**3 - 19*t**2. Let o(u) be the first derivative of m(u). What is o(-3)?
-3
Suppose -55 = -270*j - 186 - 409. Let p(r) = -r**3 + 6*r**2 + 7*r + 4. Let v(i) = -i**3 + 5*i**2 + 6*i + 3. Let w(q) = 5*p(q) - 6*v(q). Determine w(j).
-4
Let m be (0/2)/(-1 + 3). Let o(n) = -51*n**2 + 3 - 4 + 50*n**2 - n. Calculate o(m).
-1
Let x(k) = -k**3 - 9*k**2 + 2*k + 10. Let s be x(-9). Let g = s + 11. Let p be -1*g/(3/7). Let t(h) = -h**2 - 9*h - 8. What is t(p)?
6
Let x(w) = -w**3 - 4*w**2 - 3*w - 6. Let z be ((-6)/(-5))/(4/((-120)/9)). Calculate x(z).
6
Let b(i) be the first derivative of -5*i**4 + 8*i**3/3 + 17*i**2/2 + 14*i - 15. Let n(c) = -7*c**3 + 3*c**2 + 6*c + 5. Let q(s) = -6*b(s) + 17*n(s). Give q(-3).
1
Let c(h) be the first derivative of -h**4/4 - 11*h**3/3 + 12*h**2 - 33*h + 80. Calculate c(-13).
-7
Let b(z) = 7*z**2 - 6*z - 8. Let k(c) = 15*c**2 - 13*c - 17. Let a(v) = -13*b(v) + 6*k(v). What is a(4)?
-14
Let w(k) = 7 + 3*k + k**2 - 1 + 3*k - 5*k. Suppose y = -y + 8. Let i be 0 - (4 - y)/(-3). What is w(i)?
6
Let u(y) = -y**2 - 4*y + 1. Let k be u(-3). Let j(c) = c**2 + 3*c - 2. What is j(k)?
26
Let y(b) = b**3 + 4*b**2 + 2*b + 6. Suppose a = 5*i - 19, 2*i = -2*a + 2 - 4. Let k be y(a). Let h(u) = -3853 - 3*u - 3888 + 7743. Calculate h(k).
8
Let q(d) = d - 6. Let n = 80 + -73. Let h = n - 14. Determine q(h).
-13
Suppose 2*c - 8 = 2. Let v be ((12/c)/2)/(2/5). Let b(o) be the third derivative of -o**6/120 + o**5/20 + o**4/12 - o**3/6 + 6*o**2. What is b(v)?
5
Suppose -x = -3, 0*x - x + 7 = 2*w. Let v(i) be the third derivative of 0*i**3 - 1/60*i**5 + 0*i + 0*i**4 + 1/120*i**6 + 4*i**2 + 0. Determine v(w).
4
Let j(i) = 2*i - 10. Suppose -59 = -8*t + 13. Determine j(t).
8
Let h(j) be the third derivative of j**5/60 - 5*j**4/24 - j**3/3 - 5*j**2 + 5. Let y(t) = t - 3. Let o be y(6). What is h(o)?
-8
Let a(v) be the first derivative of -2*v**3/3 - v**2/2 + 3*v - 252. Give a(3).
-18
Let m(h) = 3*h**2 + h - 2. Let c(i) = 7*i**2 + 3*i - 5. Let x(y) = -2*c(y) + 5*m(y). Determine x(1).
0
Let j(x) = 90*x - 3*x**2 + 3*x**2 - x**2 - 2 - 83*x. Let n(m) = -m + 3. Let s be n(-4). Suppose -b = -4*p - 11, -3 = -b + 3*p + s. Give j(b).
-2
Let o be (4/1)/(-2) - 8. Let h(p) = -4 + p**3 + 18 + 2*p - 5*p**2 + 7*p**2 + 8*p**2. What is h(o)?
-6
Let c(o) = 52*o + 359. Let m be c(-7). Let s(l) = 2*l**3 + 9*l**2 - 3*l + 6. Calculate s(m).
-4
Let m(l) = -l**3 - 7*l**2 + 6*l - 4. Let r(b) = -7*b - 55. Let n be r(-17). Suppose -28*x = -20*x + n. Give m(x).
12
Let m be 12/(-12)*(4 - (-36)/(-8)). Let w(p) be the first derivative of 2*p - m*p**2 + 1. What is w(4)?
-2
Suppose 0 = -5*k - 5. Let c(l) be the third derivative of -l**7/2520 - l**5/5 - 34*l**2. Let i(s) be the third derivative of c(s). What is i(k)?
2
Suppose -4*r - 4 = -2*p, 0 = -p - 2*p - 5*r + 6. Let s(m) = -m + 8. Let b be s(8). Let q(i) = b*i**2 + i**3 + i**2 - 5*i - i + 3*i + 2. Give q(p).
8
Let w(p) = -6*p. Let t be w(1). Let v(d) = -d**2 - 6*d - 6. Determine v(t).
-6
Let z(p) = -p**2 - 6*p - 6. Let d(k) be the first derivative of k**3 + 11*k**2/2 + 11*k - 16. Let i(s) = -3*d(s) - 5*z(s). Determine i(-2).
-13
Suppose -3*a = 2*a + 10. Let t(f) be the first derivative of -7 + 1/2*f**2 + f. Calculate t(a).
-1
Suppose -4*a + 5 = -4*b + 41, 5*b + 3*a = 21. Let h(q) = 3*q - 19. What is h(b)?
-1
Let o(m) = -2*m - 11. Let c(y) = y - 1. Suppose -3*a + 0*u - u = 10, 5*a - 5*u + 10 = 0. Let q(j) = a*c(j) - o(j). What is q(12)?
2
Let j(p) be the second derivative of p**3/3 - 2*p**2 + p - 14. What is j(6)?
8
Let r be (-2)/(-3) - 5/(-15). Suppose -2*a = 7 + r. Let c = 8 + a. Let t(v) = -v**2 + 4*v. Calculate t(c).
0
Let u(w) = 8*w**3. Suppose -6*y = -9*y + 12. Suppose -7 = 2*f + 4*g + 3, -y*f = 2*g + 2. Suppose -3*r - 8*o = -3*o + 13, o + f = r. Give u(r).
-8
Let n(r) = -r**2 + 12*r - 10. Let v be n(11). Let b be (-2 + 0 + v)/((-2)/(-2)). Let d(u) = -3*u - 17. Let q(g) = g + 6. Let i(j) = 6*d(j) + 17*q(j). Give i(b).
1
Let r(k) = -k**2 - 3*k + 3. Let p(l) = 28*l + 78. Let q be p(-3). Calculate r(q).
-15
Let r be (-400)/32*(-2)/5. Let d(f) = f**2 - 4*f - 2. What is d(r)?
3
Let a(o) = 2*o - 190 + 198 + 4*o - 5*o. Let q(i) = i**2 - 8*i + 6. Let b be q(6). Give a(b).
2
Let h(x) = -3*x - 5. Suppose -4*g - 16 = 3*m - 8, 11 = -3*g - m. What is h(g)?
10
Let q = -61 - -64. Let n(f) = -q*f**2 + 0*f + 3*f + 2*f**2. Calculate n(3).
0
Let t(g) be the first derivative of -7*g**3/3 + 3*g**2/2 - 2*g + 599. Determine t(2).
-24
Let f(n) = 25*n**2 - n + 7. Let l(h) = 21*h**2 - 2*h + 6. Let o(i) = -5*f(i) + 6*l(i). Calculate o(9).
19
Suppose 2*x = -n - 9, 8*x = 3*x - 25. Let s(g) = 0*g - 2*g + 0*g + 3*g + n. Let c(y) = y + 1. Let v(r) = 6*c(r) - 5*s(r). What is v(1)?
2
Let c(x) = x + 14. Let j(f) = -2*f**2 + 6*f - 10. Let r be j(3). Give c(r).
4
Let l(v) = 4*v**2 + 4. Let h be 1/4 - (-338)/(-104). Give l(h).
40
Let b = 19 + -7. Let g(h) = -2 - 1 + b - 7 + h**3 + h. Determine g(-2).
-8
Let v(o) = -2*o**3 - 9*o**2 + 6*o + 7. Let w be v(-5). Suppose -4*f - w*r = -0*r, 3*r = 5*f + 11. Let z(h) = 10*h**2 + 2*h + 1. What is z(f)?
9
Let j(v) = -v**3 - 11*v**2 - 8*v + 11. Suppose 14*d - 11*d + 30 = 0. Give j(d).
-9
Let c(a) = 21*a**3 - a**2 + a + 1. Suppose -2 = -5*v - 7. Give c(v).
-22
Let d = -32 + 43. Suppose d = 3*g - 7. Let r(c) = -c**2 + 9*c - 9. What is r(g)?
9
Let h be (-3)/2*(-8)/(-18)*-3. Let j(s) = 69*s**2 + 7 - 64*s**h - s - 8. Give j(-1).
5
Let c(h) = 4*h + 24. Let d(f) = -10*f - 1. Let q(m) = -c(m) - d(m). Determine q(7).
19
Let q(d) = -d**3 + 7*d**2 - 9*d + 11. Let b(j) = -j**3 + j**2 - 2*j. Let x(p) = 2*b(p) - q(p). Give x(-6).
-5
Let j(p) = -p**2 - 8 - 2*p + 5 + 3*p. Let l be (10*2/(-4) - -2) + 3. Determine j(l).
-3
Let c(s) be the first derivative of -s**3/3 - 9*s**2/2 - 9*s + 436. Give c(-7).
5
Let x(n) be the third derivative of -n**5/60 - n**4/8 - n**3/6 - 4*n**2. Let t(s) = 4 - 2*s + 5 + 1. Let p be t(7). What is x(p)?
-5
Let r(m) = m**3 + 9*m**2 - 12*m - 16. Suppose 9 = -2*b + 3*f - 23, 26 = -b + 4*f. What is r(b)?
4
Let m be ((-4)/(-10))/(4/(-20)). Let s(x) = -x**3 - 2*x**2 + 2. Let j be s(m). Let a(c) = c + c + j*c - c. Determine a(3).
9
Let k(p) be the second derivative of -p**5/20 + 7*p**4/12 - 5*p**3/6 - 2*p**2 + 2*p. Let n(i) = i**2 - 20*i - 120. Let b be n(-5). What is k(b)?
21
Let o(x) = x**2 - 2*x - 3. Let d(a) = 8*a + 18. Let p be d(-3). Let f be ((-4)/6)/(p/(-18)). Determine o(f).
5
Let r(y) = -2834 + 4*y**2 - 2*y - 6*y**2 + 2831. Determine r(-3).
-15
Let d(t) = t**3 - 51*t**2 - 57*t + 257. Let m be d(52). Let k(n) = -3 - 2*n + 7 - n**2 - 2. Give k(